NOAA-Style Climate Reports

Select a Year or Month report
2024: Jan Feb Mar Apr May Jun Jul Aug Sep Oct Nov Dec
2023: Jan Feb Mar Apr May Jun Jul Aug Sep Oct Nov Dec
2022: Jan Feb Mar Apr May Jun Jul Aug Sep Oct Nov Dec
2021: Jan Feb Mar Apr May Jun Jul Aug Sep Oct Nov Dec
2020: Jan Feb Mar Apr May Jun Jul Aug Sep Oct Nov Dec

Report for 2024 July

Daily noaa report



                            MONTHLY CLIMATOLOGICAL SUMMARY for JUL. 2024

NAME: HamiltonWx.Com   CITY: Hamilton STATE: New Jersey
ELEV: 075 LAT: 040:15:50 LONG: 0074:40:24

                            TEMPERATURE ( °F), RAIN (in.), WIND SPEED (mph)

                                               HEAT     COOL           AVG
      MEAN                                     DEG      DEG            WIND                       DOM
DAY   TEMP    HIGH   TIME     LOW    TIME      DAYS     DAYS    RAIN   SPEED    HIGH    TIME      DIR
--------------------------------------------------------------------------------------------------------
01    72.1   082.5   16:56    62.1   06:12     00.0     07.2   00.00   01.0     13.8    08:39      NW
02    73.6   088.1   16:19    58.3   06:12     00.0     08.6   00.00   00.7     11.5    19:29     SSW
03    74.8   088.6   16:19    60.0   06:33     00.0     09.9   00.00   01.2     13.8    18:57      S 
04    79.6   093.6   15:41    66.1   04:31     00.0     14.7   00.00   00.8     12.7    22:07      S 
05    84.7   097.6   17:26    74.9   06:21     00.0     19.8   00.00   00.9     11.5    17:43      S 
06    86.7   099.4   17:06    77.1   06:14     00.0     21.7   00.00   00.6     10.3    16:04      SW
07    83.4   096.0   15:33    72.6   04:51     00.0     18.4   00.19   00.3     10.3    03:54      NW
08    84.3   097.3   15:20    72.7   06:09     00.0     19.4   00.00   00.6     11.5    18:20     SSE
09    84.9   097.7   14:36    73.7   06:32     00.0     20.0   00.00   01.1     13.8    20:36      S 
10    83.7   096.2   14:20    76.0   05:28     00.0     18.7   00.00   02.5     19.6    14:34     SSE
11    80.7   092.5   16:35    70.3   06:19     00.0     15.8   00.25   00.8     12.7    15:57     WNW
12    76.5   082.1   13:03    69.8   03:28     00.0     11.6   00.00   00.5     11.5    20:14      S 
13    81.9   095.3   17:42    73.7   03:06     00.0     17.0   00.06   00.5     08.1    20:27      S 
14    80.8   096.5   14:06    72.5   06:24     00.0     15.8   00.04   00.4     11.5    12:45      S 
15    85.7   099.6   16:39    73.5   01:17     00.0     20.8   00.00   00.7     11.5    14:35     SSW
16    86.4   101.1   15:11    73.5   23:49     00.0     21.4   00.16   01.1     20.7    20:42     SSW
17    81.2   098.3   15:36    71.9   05:49     00.0     16.2   01.64   00.5     12.7    20:57     SSW
18    76.2   085.6   14:39    71.2   00:00     00.0     11.3   00.01   00.3     10.3    13:05      NW
19    74.3   086.8   17:28    61.8   06:38     00.0     09.4   00.00   00.5     09.2    13:50     WNW
20    74.5   085.4   15:49    63.2   05:19     00.0     09.5   00.00   00.6     13.8    17:31      S 
21    76.9   091.7   16:08    66.1   06:10     00.0     12.0   00.00   00.5     11.5    17:26     SSE
22    76.4   084.7   12:36    69.0   04:46     00.0     11.5   00.00   01.0     11.5    17:02      E 
--------------------------------------------------------------------------------------------------------
80.0 (81.1)   101.1  day 16     58.3  day 02   000.0    330.6   02.35   00.8     20.7   day 10      S 
Max >=  86: 17
Min  .008in) 4 (> .08in) 1 (> 0.8in)