NOAA-Style Climate Reports

Select a Year or Month report
2024: Jan Feb Mar Apr May Jun Jul Aug Sep Oct Nov Dec
2023: Jan Feb Mar Apr May Jun Jul Aug Sep Oct Nov Dec
2022: Jan Feb Mar Apr May Jun Jul Aug Sep Oct Nov Dec
2021: Jan Feb Mar Apr May Jun Jul Aug Sep Oct Nov Dec
2020: Jan Feb Mar Apr May Jun Jul Aug Sep Oct Nov Dec

Report for 2024 March

Daily noaa report



                            MONTHLY CLIMATOLOGICAL SUMMARY for MAR. 2024

NAME: HamiltonWx.Com   CITY: Hamilton STATE: New Jersey
ELEV: 075 LAT: 040:15:50 LONG: 0074:40:24

                            TEMPERATURE ( °F), RAIN (in.), WIND SPEED (mph)

                                               HEAT     COOL           AVG
      MEAN                                     DEG      DEG            WIND                       DOM
DAY   TEMP    HIGH   TIME     LOW    TIME      DAYS     DAYS    RAIN   SPEED    HIGH    TIME      DIR
--------------------------------------------------------------------------------------------------------
03    25.9   025.9   00:00    25.9   00:00     39.0     00.0   00.00   00.0     00.0    00:00     NNW
04    25.9   025.9   00:00    25.9   00:00     39.0     00.0   00.00   00.0     00.0    00:00     NNW
05    25.9   025.9   00:00    25.9   00:00     39.0     00.0   00.00   00.0     00.0    00:00     NNW
06    25.9   025.9   00:00    25.9   00:00     39.0     00.0   00.00   00.0     00.0    00:00     NNW
07    25.9   025.9   00:00    25.9   00:00     39.0     00.0   00.00   00.0     00.0    00:00     NNW
08    25.9   025.9   00:00    25.9   00:00     39.0     00.0   00.00   00.0     00.0    00:00     NNW
09    25.9   025.9   00:00    25.9   00:00     39.0     00.0   00.00   00.0     00.0    00:00     NNW
10    42.0   062.3   09:36    25.9   09:31     22.9     00.0   00.00   00.0     00.0    00:00     NNW
11    46.4   056.9   18:11    37.1   01:46     18.5     00.0   00.00   00.0     00.0    00:00     NNW
12    53.9   067.4   16:00    39.7   08:26     11.0     00.0   00.00   00.5     14.9    14:48      NW
13    54.4   072.6   16:43    37.5   07:37     10.5     00.0   00.00   00.2     09.2    16:27     WNW
14    59.0   078.1   16:07    41.3   07:41     06.0     00.0   00.00   00.4     11.5    18:02     SSW
15    60.6   074.1   13:53    49.4   00:00     04.3     00.0   00.00   00.9     17.3    21:00      W 
16    51.4   063.4   15:53    41.1   07:50     13.5     00.0   00.00   00.6     12.7    17:17      W 
17    54.1   063.1   16:32    46.5   01:46     10.9     00.0   00.00   01.2     18.4    11:49      W 
18    44.5   051.6   15:26    36.6   00:00     20.4     00.0   00.00   01.6     19.6    21:23     WNW
19    40.1   048.5   15:30    33.5   05:31     24.9     00.0   00.00   01.5     19.6    09:49      W 
20    45.2   059.4   15:53    35.0   02:05     19.7     00.0   00.01   01.7     21.9    17:07     WSW
21    35.5   044.8   15:42    29.0   07:22     29.4     00.0   00.00   02.3     20.7    00:02     WNW
22    36.0   047.6   14:04    24.5   07:44     29.0     00.0   00.00   00.8     11.5    18:05     SSW
23    42.4   046.9   15:59    33.4   00:00     22.6     00.0   03.18   01.8     19.6    23:19     NNW
24    38.7   050.4   16:24    30.4   07:25     26.2     00.0   00.00   01.6     16.1    01:17     NNW
25    41.7   055.8   16:30    31.6   04:56     23.3     00.0   00.00   01.0     14.9    09:48      NE
26    45.2   060.7   15:54    32.1   04:04     19.7     00.0   00.00   01.1     12.7    08:28      E 
27    45.7   049.2   15:02    42.8   07:21     19.3     00.0   00.24   00.1     06.9    01:07      S 
28    47.1   050.5   15:50    44.2   23:37     17.9     00.0   00.22   00.4     11.5    21:19     WNW
29    47.5   057.2   16:39    39.7   07:30     17.4     00.0   00.00   02.7     19.6    10:16     WNW
30    47.8   061.6   15:00    36.0   07:32     17.1     00.0   00.07   01.2     14.9    11:23      W 
31    51.4   060.5   14:06    41.9   07:10     13.5     00.0   00.00   00.9     12.7    13:37     WNW
--------------------------------------------------------------------------------------------------------
41.8 (42.3)   78.1  day 14     24.5  day 22   671.4    000.0   06.99   00.8     21.9   day 20      NW
Max  .08in) 1 (> 0.8in)