NOAA-Style Climate Reports

Select a Year or Month report
2024: Jan Feb Mar Apr May Jun Jul Aug Sep Oct Nov Dec
2023: Jan Feb Mar Apr May Jun Jul Aug Sep Oct Nov Dec
2022: Jan Feb Mar Apr May Jun Jul Aug Sep Oct Nov Dec
2021: Jan Feb Mar Apr May Jun Jul Aug Sep Oct Nov Dec
2020: Jan Feb Mar Apr May Jun Jul Aug Sep Oct Nov Dec

Report for 2023 December

Daily noaa report



                            MONTHLY CLIMATOLOGICAL SUMMARY for DEC. 2023

NAME: HamiltonWx.Com   CITY: Hamilton STATE: New Jersey
ELEV: 075 LAT: 040:15:50 LONG: 0074:40:24

                            TEMPERATURE ( °F), RAIN (in.), WIND SPEED (mph)

                                               HEAT     COOL           AVG
      MEAN                                     DEG      DEG            WIND                       DOM
DAY   TEMP    HIGH   TIME     LOW    TIME      DAYS     DAYS    RAIN   SPEED    HIGH    TIME      DIR
--------------------------------------------------------------------------------------------------------
01    39.7   045.3   00:00    29.5   07:04     25.2     00.0   00.35   00.0     03.5    14:26      S 
02    48.0   053.3   14:40    45.3   00:09     16.9     00.0   00.01   00.1     04.6    14:34     SSW
03    50.1   052.0   14:58    47.2   00:21     14.9     00.0   00.80   00.3     12.7    10:51      E 
04    45.4   051.2   12:53    38.2   00:00     19.6     00.0   00.01   01.0     16.1    11:29     WNW
05    39.6   044.0   13:28    31.4   07:42     25.3     00.0   00.00   00.2     06.9    11:48     NNW
06    38.0   041.5   12:55    34.2   00:00     26.9     00.0   00.00   01.4     14.9    20:24      N 
07    35.6   039.4   20:28    29.7   04:12     29.3     00.0   00.00   00.3     06.9    12:09      W 
08    40.0   052.6   14:47    29.9   07:34     24.9     00.0   00.00   00.3     06.9    12:45     SSW
09    41.2   054.2   14:58    30.4   06:36     23.8     00.0   00.00   00.1     05.8    14:18     SSE
10    55.6   062.4   19:32    40.5   00:11     09.4     00.0   01.45   01.4     16.1    22:54      S 
11    41.3   046.8   00:01    35.5   00:00     23.7     00.0   00.43   03.4     19.6    11:54      NW
12    37.2   045.6   14:43    28.1   05:53     27.8     00.0   00.00   00.6     11.5    11:48     WSW
13    38.2   046.6   13:48    30.1   07:12     26.7     00.0   00.00   01.1     14.9    15:45     WNW
14    33.8   042.4   14:27    27.2   06:17     31.1     00.0   00.00   00.5     12.7    14:59     WNW
15    41.8   056.8   14:25    31.1   02:55     23.2     00.0   00.00   00.8     13.8    14:05      W 
16    41.3   056.1   14:34    30.0   07:11     23.7     00.0   00.00   00.3     09.2    16:45      SE
17    50.2   058.0   00:00    38.1   01:33     14.7     00.0   00.71   00.6     12.7    23:38     ESE
18    52.7   062.3   05:09    41.3   00:00     12.3     00.0   01.92   03.8     23.0    15:49      W 
19    37.6   042.9   12:35    31.0   00:00     27.3     00.0   00.00   02.6     19.6    12:39      NW
20    36.0   045.3   14:15    27.1   07:22     29.0     00.0   00.00   01.1     11.5    01:31      NW
21    36.3   044.3   14:17    29.8   08:02     28.6     00.0   00.00   00.5     11.5    02:25     NNE
22    32.3   037.5   13:21    26.1   04:23     32.7     00.0   00.00   00.1     03.5    12:59     ESE
23    38.3   045.9   15:03    29.7   04:19     26.7     00.0   00.00   00.1     03.5    15:06      SE
24    42.8   049.2   15:08    37.2   07:45     22.2     00.0   00.00   00.0     03.5    02:59     WSW
25    44.2   052.5   14:47    34.6   07:59     20.8     00.0   00.00   00.1     04.6    21:42     SSE
26    45.2   047.3   16:17    43.6   08:45     19.7     00.0   00.00   00.0     03.5    13:52     ESE
27    46.3   049.0   00:00    44.0   06:02     18.6     00.0   00.68   00.6     10.3    18:52      E 
28    51.5   054.4   14:57    49.0   00:32     13.4     00.0   00.97   00.5     11.5    02:45     ENE
29    47.0   054.5   14:05    38.6   21:35     17.9     00.0   00.04   00.6     11.5    16:03     WNW
30    41.7   045.2   16:54    36.4   07:04     23.3     00.0   00.00   01.7     19.6    11:37     WNW
31    39.9   043.4   15:08    35.9   03:38     25.0     00.0   00.00   00.6     09.2    15:22     WNW
--------------------------------------------------------------------------------------------------------
42.2 (42.0)   62.4  day 10     26.1  day 22   704.4    000.0   07.37   00.8     23.0   day 19     WNW
Min  .008in) 8 (> .08in) 4 (> 0.8in)