NOAA-Style Climate Reports

Select a Year or Month report
2024: Jan Feb Mar Apr May Jun Jul Aug Sep Oct Nov Dec
2023: Jan Feb Mar Apr May Jun Jul Aug Sep Oct Nov Dec
2022: Jan Feb Mar Apr May Jun Jul Aug Sep Oct Nov Dec
2021: Jan Feb Mar Apr May Jun Jul Aug Sep Oct Nov Dec
2020: Jan Feb Mar Apr May Jun Jul Aug Sep Oct Nov Dec

Report for 2023 November

Daily noaa report



                            MONTHLY CLIMATOLOGICAL SUMMARY for NOV. 2023

NAME: HamiltonWx.Com   CITY: Hamilton STATE: New Jersey
ELEV: 075 LAT: 040:15:50 LONG: 0074:40:24

                            TEMPERATURE ( °F), RAIN (in.), WIND SPEED (mph)

                                               HEAT     COOL           AVG
      MEAN                                     DEG      DEG            WIND                       DOM
DAY   TEMP    HIGH   TIME     LOW    TIME      DAYS     DAYS    RAIN   SPEED    HIGH    TIME      DIR
--------------------------------------------------------------------------------------------------------
01    43.6   049.9   14:57    33.9   00:00     21.3     00.0   00.08   00.6     13.8    14:55     NNW
02    38.1   049.8   15:25    28.4   07:52     26.8     00.0   00.00   00.3     09.2    13:33     WNW
03    42.1   058.3   16:03    28.9   07:52     22.9     00.0   00.00   00.4     08.1    14:34      S 
04    45.1   058.0   15:29    32.6   07:21     19.8     00.0   00.00   00.1     03.5    17:00      S 
05    50.5   066.4   14:08    36.6   07:20     14.4     00.0   00.00   00.1     05.8    13:57      S 
06    49.0   059.6   15:00    38.1   04:13     15.9     00.0   00.00   00.4     08.1    18:28      SE
07    55.4   064.5   16:06    48.5   01:22     09.5     00.0   00.00   00.2     05.8    21:47     SSW
08    45.3   051.9   14:07    35.1   00:00     19.7     00.0   00.00   00.4     08.1    13:04     NNW
09    49.8   061.2   15:57    35.1   00:05     15.2     00.0   00.00   00.2     05.8    14:33      NW
10    46.8   051.8   12:20    39.4   00:00     18.1     00.0   00.00   00.2     08.1    12:37     WSW
11    44.7   055.7   13:54    33.2   07:24     20.2     00.0   00.00   00.5     11.5    11:58      NW
12    37.4   046.1   13:48    29.7   23:43     27.5     00.0   00.00   00.3     08.1    09:02     NNE
13    37.7   051.2   14:52    26.0   06:50     27.3     00.0   00.00   00.2     06.9    12:27      SW
14    42.5   054.9   14:19    31.2   05:52     22.4     00.0   00.00   00.9     14.9    12:37     NNW
15    41.2   053.0   15:38    28.7   07:28     23.7     00.0   00.00   00.1     05.8    20:24      SW
16    47.9   066.4   15:00    33.9   07:28     17.1     00.0   00.00   00.2     04.6    14:53      S 
17    52.3   068.5   14:45    34.6   06:53     12.7     00.0   00.00   00.6     11.5    13:08      S 
18    50.0   058.2   00:18    34.0   00:00     14.9     00.0   00.00   01.4     16.1    14:03     NNW
19    42.3   055.9   14:44    30.8   07:23     22.6     00.0   00.00   00.9     11.5    22:32     WNW
20    38.2   047.2   14:41    29.0   07:09     26.7     00.0   00.00   00.5     11.5    09:23     NNE
21    43.8   050.5   00:00    31.3   02:02     21.2     00.0   00.71   01.9     18.4    17:07      SE
22    51.8   055.1   15:50    48.4   11:17     13.2     00.0   00.67   01.3     13.8    01:04      NW
23    46.4   052.4   14:28    37.4   22:12     18.5     00.0   00.00   02.3     14.9    09:52      NW
24    41.9   051.0   14:43    32.2   00:00     23.1     00.0   00.00   01.0     13.8    21:08     NNW
25    32.2   042.0   14:38    25.2   07:19     32.7     00.0   00.00   00.1     06.9    11:37      S 
26    40.6   054.6   22:07    26.9   01:17     24.3     00.0   00.67   00.7     16.1    21:07      SE
27    43.1   050.8   00:02    35.1   23:45     21.8     00.0   00.00   02.6     19.6    14:21     WNW
28    33.6   039.4   12:49    28.8   00:00     31.4     00.0   00.00   02.8     21.9    13:32     WNW
29    31.7   037.5   14:30    25.1   07:27     33.3     00.0   00.00   00.9     12.7    01:54      W 
30    40.2   053.1   14:18    26.9   07:30     24.7     00.0   00.00   00.5     11.5    15:07     SSW
--------------------------------------------------------------------------------------------------------
43.5 (43.3)   68.5  day 17     25.1  day 29   642.8    000.0   02.14   00.7     21.9   day 28     WNW
Min  .008in) 4 (> .08in) 0 (> 0.8in)