NOAA-Style Climate Reports

Select a Year or Month report
2024: Jan Feb Mar Apr May Jun Jul Aug Sep Oct Nov Dec
2023: Jan Feb Mar Apr May Jun Jul Aug Sep Oct Nov Dec
2022: Jan Feb Mar Apr May Jun Jul Aug Sep Oct Nov Dec
2021: Jan Feb Mar Apr May Jun Jul Aug Sep Oct Nov Dec
2020: Jan Feb Mar Apr May Jun Jul Aug Sep Oct Nov Dec

Report for 2023 October

Daily noaa report



                            MONTHLY CLIMATOLOGICAL SUMMARY for OCT. 2023

NAME: HamiltonWx.Com   CITY: Hamilton STATE: New Jersey
ELEV: 075 LAT: 040:15:50 LONG: 0074:40:24

                            TEMPERATURE ( °F), RAIN (in.), WIND SPEED (mph)

                                               HEAT     COOL           AVG
      MEAN                                     DEG      DEG            WIND                       DOM
DAY   TEMP    HIGH   TIME     LOW    TIME      DAYS     DAYS    RAIN   SPEED    HIGH    TIME      DIR
--------------------------------------------------------------------------------------------------------
01    65.3   077.4   16:14    53.9   07:31     00.0     00.4   00.00   00.3     09.2    12:26      NE
02    66.8   078.8   14:39    57.0   07:27     00.0     01.8   00.00   00.3     10.3    10:01      NE
03    65.8   080.5   14:49    53.7   07:27     00.0     00.9   00.00   00.2     03.5    16:40     SSE
04    68.8   085.6   15:36    57.1   07:29     00.0     03.9   00.00   00.2     05.8    15:06     SSE
05    65.3   078.7   14:52    53.3   07:17     00.0     00.3   00.00   00.4     08.1    15:00     SSE
06    70.8   077.7   14:45    64.7   00:02     00.0     05.9   00.00   00.1     05.8    16:40      SE
07    64.5   072.7   11:40    53.5   00:00     00.5     00.0   00.02   00.9     13.8    12:40      NW
08    54.4   060.4   14:33    48.3   07:20     10.6     00.0   00.01   01.5     12.7    12:15      W 
09    53.2   061.9   15:43    45.3   07:37     11.7     00.0   00.02   00.7     11.5    14:54      W 
10    53.2   064.3   15:06    44.1   06:56     11.7     00.0   00.00   00.2     06.9    15:07     WSW
11    55.9   070.3   14:46    44.4   07:39     09.1     00.0   00.00   00.4     09.2    16:02      W 
12    54.9   071.0   14:43    42.1   07:43     10.0     00.0   00.00   00.2     05.8    14:06      W 
13    53.9   064.3   14:50    46.0   00:00     11.0     00.0   00.00   00.3     10.3    09:19     NNW
14    48.8   052.3   11:07    44.1   03:25     16.1     00.0   00.47   00.3     09.2    22:23     NNE
15    52.4   060.4   16:33    46.7   23:35     12.5     00.0   00.14   00.7     12.7    13:20     NNW
16    52.1   064.0   16:33    41.7   07:26     12.9     00.0   00.00   00.4     09.2    11:35     WNW
17    52.2   062.3   13:52    45.3   07:54     12.7     00.0   00.00   00.1     05.8    11:49     WNW
18    54.1   063.8   13:21    45.5   00:13     10.8     00.0   00.00   00.1     04.6    11:53      SE
19    53.9   067.2   15:14    40.7   07:50     11.1     00.0   00.00   00.5     09.2    17:07      SE
20    59.4   065.4   13:57    51.7   02:01     05.6     00.0   00.37   00.2     06.9    06:20      SE
21    59.1   064.3   14:18    55.6   00:00     05.9     00.0   00.30   01.6     16.1    20:46     WNW
22    53.4   059.2   15:35    47.2   23:50     11.5     00.0   00.00   01.8     17.3    10:58     WNW
23    51.3   061.7   16:17    41.7   00:00     13.7     00.0   00.00   00.6     10.3    03:15      NW
24    49.7   066.0   16:40    36.5   07:35     15.2     00.0   00.00   00.3     06.9    13:48      SW
25    56.6   072.8   16:36    41.9   07:11     08.4     00.0   00.00   00.4     08.1    14:15     SSW
26    61.1   078.0   14:57    48.7   06:48     03.8     00.0   00.00   00.2     04.6    16:53     SSW
27    61.8   072.7   15:49    52.6   02:52     03.1     00.0   00.00   00.1     05.8    12:10     SSW
28    68.5   081.1   15:22    57.5   06:55     00.0     03.6   00.00   00.7     11.5    14:56      W 
29    57.2   065.4   00:19    53.1   00:00     07.7     00.0   00.12   00.3     11.5    11:43     ENE
30    54.3   061.3   15:37    49.7   00:00     10.6     00.0   00.06   00.6     11.5    14:54     NNW
31    48.0   051.0   15:42    43.5   08:52     16.9     00.0   00.04   00.2     06.9    11:38      N 
--------------------------------------------------------------------------------------------------------
57.6 (58.4)   85.6  day 04     36.5  day 24   243.2    016.8   01.55   00.5     17.3   day 22      W 
Min  .008in) 5 (> .08in) 0 (> 0.8in)