NOAA-Style Climate Reports

Select a Year or Month report
2024: Jan Feb Mar Apr May Jun Jul Aug Sep Oct Nov Dec
2023: Jan Feb Mar Apr May Jun Jul Aug Sep Oct Nov Dec
2022: Jan Feb Mar Apr May Jun Jul Aug Sep Oct Nov Dec
2021: Jan Feb Mar Apr May Jun Jul Aug Sep Oct Nov Dec
2020: Jan Feb Mar Apr May Jun Jul Aug Sep Oct Nov Dec

Report for 2023 March

Daily noaa report



                            MONTHLY CLIMATOLOGICAL SUMMARY for MAR. 2023

NAME: HamiltonWx.Com   CITY: Hamilton STATE: New Jersey
ELEV: 075 LAT: 040:15:50 LONG: 0074:40:24

                            TEMPERATURE ( °F), RAIN (in.), WIND SPEED (mph)

                                               HEAT     COOL           AVG
      MEAN                                     DEG      DEG            WIND                       DOM
DAY   TEMP    HIGH   TIME     LOW    TIME      DAYS     DAYS    RAIN   SPEED    HIGH    TIME      DIR
--------------------------------------------------------------------------------------------------------
01    38.6   051.0   14:56    26.5   06:40     26.3     00.0   00.01   01.1     16.1    15:17      S 
02    46.8   057.3   16:24    41.4   23:50     18.1     00.0   00.00   01.1     12.7    13:52     NNW
03    40.2   047.3   12:57    30.4   06:55     24.8     00.0   00.44   01.5     21.9    22:52     ESE
04    45.3   050.8   12:50    37.2   00:00     19.7     00.0   00.50   03.7     29.9    11:09     NNW
05    43.7   056.1   14:31    30.6   07:07     21.3     00.0   00.00   02.1     19.6    15:09      NW
06    44.2   054.5   15:22    32.6   05:27     20.7     00.0   00.00   01.6     13.8    13:48      NW
07    39.3   047.0   15:38    33.4   05:07     25.6     00.0   00.06   04.3     27.6    13:25     NNW
08    39.4   048.5   15:12    31.9   06:43     25.6     00.0   00.00   04.0     20.7    11:49      N 
09    41.1   053.1   14:41    31.5   06:54     23.8     00.0   00.00   02.5     17.3    16:31      N 
10    39.6   047.2   15:02    31.5   04:06     25.4     00.0   00.12   00.4     09.2    13:24     ESE
11    39.8   045.2   14:12    36.0   08:07     25.1     00.0   00.00   02.1     13.8    15:53      N 
12    39.3   047.7   16:11    29.6   07:42     25.6     00.0   00.00   00.8     09.2    18:29     ESE
13    41.9   046.9   14:47    38.5   04:57     23.1     00.0   00.27   00.5     08.1    23:52     ESE
14    36.5   039.8   00:02    33.9   19:51     28.4     00.0   00.01   07.0     31.1    13:18      NW
15    39.6   047.6   16:51    34.0   06:41     25.4     00.0   00.00   06.3     25.3    11:10     NNW
16    44.2   058.9   17:27    28.3   07:28     20.8     00.0   00.00   01.7     17.3    14:40     WNW
17    51.2   061.8   15:23    38.6   04:36     13.8     00.0   00.01   01.1     11.5    17:55     SSW
18    47.2   053.9   00:05    40.7   23:59     17.7     00.0   00.02   03.4     18.4    02:34      NW
19    34.6   040.8   00:21    28.1   07:51     30.4     00.0   00.00   05.0     24.1    14:51      NW
20    39.4   052.0   17:17    25.3   07:20     25.6     00.0   00.00   01.1     13.8    11:37     WSW
21    46.4   062.7   16:50    28.0   07:28     18.5     00.0   00.00   01.3     12.7    16:29     WSW
22    49.9   065.3   16:14    34.8   04:57     15.0     00.0   00.00   01.6     16.1    16:17      S 
23    53.0   059.0   23:48    47.3   05:00     11.9     00.0   00.14   01.1     13.8    10:32      SW
24    49.5   058.8   00:02    42.0   00:00     15.4     00.0   00.14   00.9     09.2    02:47     NNW
25    44.4   046.0   17:46    39.7   02:15     20.5     00.0   00.12   01.5     16.1    13:38     ESE
26    51.1   061.9   17:22    41.2   00:00     13.9     00.0   00.01   02.8     19.6    16:09     WNW
27    47.2   065.8   13:05    33.1   07:36     17.7     00.0   00.27   01.0     18.4    15:52      SE
28    44.7   052.2   17:10    37.1   23:23     20.2     00.0   00.01   00.8     11.5    11:09      N 
29    44.4   056.9   16:58    30.6   07:20     20.5     00.0   00.00   01.4     11.5    17:08     SSE
30    39.6   047.4   00:50    31.1   07:32     25.4     00.0   00.01   02.9     17.3    15:18     NNW
31    46.1   061.3   17:23    28.2   06:02     18.9     00.0   00.00   01.5     13.8    12:32     SSW
--------------------------------------------------------------------------------------------------------
43.5 (43.5)   65.8  day 27     25.3  day 20   665.0    000.0   02.15   02.2     31.1   day 14      NW
Min  .008in) 8 (> .08in) 0 (> 0.8in)