NOAA-Style Climate Reports

Select a Year or Month report
2022: Jan Feb Mar Apr May Jun Jul Aug Sep Oct Nov Dec
2021: Jan Feb Mar Apr May Jun Jul Aug Sep Oct Nov Dec
2020: Jan Feb Mar Apr May Jun Jul Aug Sep Oct Nov Dec

Report for 2022 April

Daily noaa report



                            MONTHLY CLIMATOLOGICAL SUMMARY for APR. 2022

NAME: HamiltonWx.Com   CITY: Hamilton STATE: New Jersey
ELEV: 075 LAT: 040:15:50 LONG: 0074:40:24

                            TEMPERATURE ( °F), RAIN (in.), WIND SPEED (mph)

                                               HEAT     COOL           AVG
      MEAN                                     DEG      DEG            WIND                       DOM
DAY   TEMP    HIGH   TIME     LOW    TIME      DAYS     DAYS    RAIN   SPEED    HIGH    TIME      DIR
--------------------------------------------------------------------------------------------------------
01    53.1   064.1   01:33    44.0   00:00     11.8     00.0   00.20   05.5     28.8    16:59     WNW
02    45.3   053.7   17:01    37.6   07:06     19.7     00.0   00.00   02.9     23.0    00:35      NW
03    43.9   051.8   15:49    39.5   06:44     21.0     00.0   00.35   01.6     17.3    18:01      NW
04    45.9   053.9   14:47    36.6   06:44     19.1     00.0   00.00   02.9     13.8    01:40      NW
05    46.7   058.1   13:34    35.5   03:23     18.2     00.0   00.11   01.2     11.5    14:54     SSE
06    49.6   052.9   15:51    45.9   01:28     15.3     00.0   00.91   02.5     14.9    11:39     ENE
07    49.7   056.6   21:35    45.4   08:08     15.2     00.0   00.80   02.6     17.3    13:19      SE
08    54.2   063.1   15:58    45.8   07:07     10.8     00.0   00.02   02.7     18.4    13:49      W 
09    49.6   056.8   17:38    43.8   07:10     15.4     00.0   00.04   02.2     14.9    17:52     WNW
10    46.1   049.5   11:43    42.5   07:27     18.9     00.0   00.00   04.6     26.4    16:18      NW
11    50.7   062.9   16:54    37.4   07:17     14.2     00.0   00.00   02.1     14.9    00:37      W 
12    58.2   072.4   16:44    48.1   05:17     06.8     00.0   00.03   01.6     14.9    14:05     WNW
13    66.1   083.0   16:32    47.8   06:37     00.0     01.2   00.00   01.3     12.7    15:42      S 
14    71.2   085.7   15:44    58.3   00:00     00.0     06.2   00.21   02.6     26.4    17:40     WSW
15    59.1   070.0   16:19    44.8   06:58     05.8     00.0   00.00   02.5     17.3    14:17     WSW
16    61.3   074.8   16:25    47.1   00:00     03.6     00.0   00.14   02.6     14.9    15:45     WSW
17    46.3   051.9   16:07    37.4   00:00     18.6     00.0   00.00   02.3     18.4    15:52     NNW
18    42.2   052.2   11:41    31.0   06:00     22.8     00.0   00.62   02.0     17.3    23:31     ESE
19    44.9   050.5   13:30    39.2   04:30     20.1     00.0   00.38   05.4     26.4    18:28     WNW
20    48.8   060.2   18:36    39.7   06:48     16.2     00.0   00.00   02.6     19.6    10:19     WNW
21    52.4   064.9   15:09    37.6   05:00     12.6     00.0   00.00   02.1     14.9    17:09     SSW
22    58.0   069.2   16:51    44.0   06:43     06.9     00.0   00.00   01.7     16.1    13:14     NNW
23    55.7   065.8   15:02    45.9   03:47     09.2     00.0   00.00   00.6     06.9    20:03      SE
24    56.5   067.1   11:51    46.8   00:00     08.5     00.0   00.00   01.3     11.5    15:55     ESE
25    52.6   059.5   14:16    45.4   05:02     12.4     00.0   00.00   01.0     10.3    10:03     ESE
26    59.6   068.5   16:01    53.3   01:30     05.4     00.0   00.01   01.0     10.3    14:26      N 
27    50.7   058.2   00:30    42.8   00:00     14.2     00.0   00.01   03.9     19.6    13:33      NW
28    47.0   057.1   16:37    38.9   04:47     17.9     00.0   00.00   03.6     20.7    14:49     NNW
29    50.3   063.2   16:37    34.1   05:58     14.6     00.0   00.00   02.3     18.4    12:15     NNW
30    53.5   068.3   17:09    35.1   06:46     11.5     00.0   00.00   01.2     17.3    13:49      NW
--------------------------------------------------------------------------------------------------------
52.3 (52.3)   85.7  day 14     31.0  day 18   386.5    007.4   03.83   02.4     28.8   day 14      NW
Min  .008in) 9 (> .08in) 2 (> 0.8in)