NOAA-Style Climate Reports

Select a Year or Month report
2022: Jan Feb Mar Apr May Jun Jul Aug Sep Oct Nov Dec
2021: Jan Feb Mar Apr May Jun Jul Aug Sep Oct Nov Dec
2020: Jan Feb Mar Apr May Jun Jul Aug Sep Oct Nov Dec

Report for 2022 March

Daily noaa report



                            MONTHLY CLIMATOLOGICAL SUMMARY for MAR. 2022

NAME: HamiltonWx.Com   CITY: Hamilton STATE: New Jersey
ELEV: 075 LAT: 040:15:50 LONG: 0074:40:24

                            TEMPERATURE ( °F), RAIN (in.), WIND SPEED (mph)

                                               HEAT     COOL           AVG
      MEAN                                     DEG      DEG            WIND                       DOM
DAY   TEMP    HIGH   TIME     LOW    TIME      DAYS     DAYS    RAIN   SPEED    HIGH    TIME      DIR
--------------------------------------------------------------------------------------------------------
01    40.3   052.1   16:30    27.0   05:41     24.6     00.0   00.00   01.3     13.8    14:51      S 
02    44.6   054.6   16:00    32.4   07:12     20.3     00.0   00.00   01.4     13.8    13:22     WNW
03    40.8   046.3   03:05    27.1   00:00     24.1     00.0   00.00   03.2     19.6    10:35     NNW
04    29.6   040.2   15:54    20.3   07:12     35.4     00.0   00.00   01.2     11.5    16:52      W 
05    38.1   051.8   15:19    24.7   04:33     26.8     00.0   00.00   01.0     12.7    16:23      S 
06    55.7   067.8   15:12    40.7   05:15     09.2     00.0   00.04   01.6     18.4    15:54      SW
07    66.0   075.5   12:22    50.2   00:00     00.0     01.0   00.08   04.1     26.4    22:30     WSW
08    43.2   050.0   00:01    36.2   23:07     21.7     00.0   00.00   04.1     29.9    08:55      NW
09    37.8   041.8   08:45    35.9   20:30     27.2     00.0   00.40   00.9     11.5    09:29     ENE
10    40.4   051.9   15:53    30.3   06:37     24.5     00.0   00.00   00.8     08.1    16:50      S 
11    43.5   060.5   15:59    29.2   06:40     21.5     00.0   00.00   01.3     16.1    19:37      S 
12    34.7   046.3   08:10    23.1   00:00     30.2     00.0   00.39   04.4     28.8    20:42      NW
13    28.1   036.1   15:10    21.9   05:23     36.8     00.0   00.01   03.7     23.0    01:22     WNW
14    45.2   059.1   17:04    31.2   08:07     19.7     00.0   00.11   01.6     13.8    14:57      SW
15    52.4   069.0   16:14    33.2   07:46     12.5     00.0   00.00   01.1     11.5    16:01     SSW
16    54.9   070.6   16:42    39.6   07:51     10.1     00.0   00.00   01.2     12.7    18:10     SSW
17    50.0   054.3   16:27    42.4   01:49     15.0     00.0   00.25   01.0     09.2    12:51     ENE
18    59.3   073.9   17:02    50.4   05:19     05.6     00.0   00.01   01.5     13.8    15:22      SW
19    62.9   077.0   16:15    51.1   07:36     02.0     00.0   00.10   02.0     20.7    21:29     SSW
20    52.9   057.4   00:04    47.9   00:00     12.0     00.0   00.01   03.8     19.6    22:00      NW
21    52.8   063.6   16:47    42.5   07:39     12.1     00.0   00.00   03.7     23.0    15:37      NW
22    50.9   061.0   16:48    42.9   02:46     14.0     00.0   00.00   01.8     12.7    17:37     NNW
23    44.6   051.4   13:07    39.2   07:25     20.3     00.0   00.05   02.3     18.4    23:47     ESE
24    45.2   046.8   18:37    41.9   00:05     19.8     00.0   00.68   02.4     13.8    00:19     ENE
25    50.5   059.2   13:36    42.5   07:25     14.5     00.0   00.15   02.4     18.4    15:53     WNW
26    48.7   055.1   12:50    42.1   00:00     16.3     00.0   00.02   03.3     23.0    15:35     WNW
27    39.4   044.9   13:33    30.5   00:00     25.5     00.0   00.00   05.9     27.6    16:27      NW
28    27.6   032.3   16:38    23.6   07:09     37.3     00.0   00.00   05.8     28.8    15:55      NW
29    31.3   039.7   17:28    24.2   07:08     33.6     00.0   00.00   04.0     19.6    16:42     NNW
30    36.3   047.2   17:44    24.3   07:05     28.6     00.0   00.00   00.9     10.3    20:22     SSW
31    59.0   071.2   15:01    43.2   00:04     05.9     00.0   00.07   04.2     26.4    20:36     SSW
--------------------------------------------------------------------------------------------------------
45.4 (45.2)   77.0  day 19     20.3  day 04   607.4    001.0   02.43   02.5     29.9   day 07     WNW
Min  .08in) 0 (> 0.8in)