NOAA-Style Climate Reports

Select a Year or Month report
2022: Jan Feb Mar Apr May Jun Jul Aug Sep Oct Nov Dec
2021: Jan Feb Mar Apr May Jun Jul Aug Sep Oct Nov Dec
2020: Jan Feb Mar Apr May Jun Jul Aug Sep Oct Nov Dec

Report for 2021 December

Daily noaa report



                            MONTHLY CLIMATOLOGICAL SUMMARY for DEC. 2021

NAME: HamiltonWx.Com   CITY: Hamilton STATE: New Jersey
ELEV: 075 LAT: 040:15:50 LONG: 0074:40:24

                            TEMPERATURE ( °F), RAIN (in.), WIND SPEED (mph)

                                               HEAT     COOL           AVG
      MEAN                                     DEG      DEG            WIND                       DOM
DAY   TEMP    HIGH   TIME     LOW    TIME      DAYS     DAYS    RAIN   SPEED    HIGH    TIME      DIR
--------------------------------------------------------------------------------------------------------
01    42.9   051.6   13:53    34.9   07:38     22.1     00.0   00.03   00.5     08.1    15:38      W 
02    51.3   058.4   18:49    42.1   01:27     13.7     00.0   00.04   01.3     18.4    22:50     WSW
03    44.5   051.5   00:01    36.9   22:22     20.4     00.0   00.00   01.8     13.8    12:05      NW
04    39.9   047.2   11:28    31.6   23:51     25.0     00.0   00.00   00.2     06.9    12:15     WSW
05    39.0   049.5   14:43    28.0   07:37     25.9     00.0   00.00   00.4     06.9    15:06      SE
06    53.3   064.5   15:34    41.3   00:00     11.6     00.0   00.22   02.7     19.6    22:13     WSW
07    37.7   043.6   12:25    32.7   00:00     27.2     00.0   00.00   00.8     10.3    02:10      NW
08    35.8   041.3   14:48    32.1   05:59     29.2     00.0   00.00   00.1     03.5    23:05      NW
09    35.4   040.6   12:48    29.3   06:58     29.5     00.0   00.00   00.6     10.3    11:14     NNW
10    40.8   050.1   14:40    32.4   00:13     24.1     00.0   00.00   00.2     08.1    11:06      SW
11    55.1   067.3   19:21    43.1   02:03     09.8     00.0   00.33   02.8     23.0    21:57      SW
12    43.3   050.6   00:01    33.6   00:00     21.6     00.0   00.00   01.8     17.3    01:16      NW
13    42.0   054.4   14:11    33.6   00:01     22.9     00.0   00.00   00.5     11.5    13:00      W 
14    41.8   053.7   13:52    29.8   00:00     23.2     00.0   00.00   00.5     11.5    10:32      N 
15    42.9   056.8   12:50    27.3   04:21     22.1     00.0   00.00   00.5     12.7    12:27      E 
16    56.1   062.9   14:45    50.5   07:30     08.8     00.0   00.00   01.3     13.8    11:48     WSW
17    53.3   058.8   12:46    42.0   00:00     11.7     00.0   00.00   01.4     12.7    13:34     WNW
18    43.0   044.6   03:01    40.6   10:31     21.9     00.0   00.05   00.2     03.5    15:15      NE
19    38.1   044.5   00:49    28.4   23:57     26.9     00.0   00.03   02.0     16.1    09:48     NNW
20    29.3   038.5   14:56    20.8   07:41     35.7     00.0   00.00   00.2     08.1    14:58      W 
21    32.9   041.3   14:03    23.2   07:38     32.0     00.0   00.00   00.0     03.5    12:56     SSE
22    39.1   047.1   13:02    31.8   23:45     25.9     00.0   00.10   02.0     14.9    13:07      NW
23    32.1   038.6   14:50    27.8   20:23     32.8     00.0   00.00   00.7     11.5    09:59      NW
24    37.1   046.1   14:51    31.5   00:02     27.8     00.0   00.00   00.1     04.6    11:53      E 
25    43.9   051.1   23:50    35.2   00:01     21.0     00.0   00.17   00.1     03.5    23:13     SSW
26    46.5   052.5   14:41    34.5   23:23     18.4     00.0   00.00   01.2     10.3    12:01     NNW
27    34.9   039.2   16:14    29.0   05:02     30.0     00.0   00.09   00.2     06.9    13:56     NNE
28    41.9   047.1   14:20    36.4   08:17     23.1     00.0   00.02   00.3     05.8    10:35      NW
29    44.1   046.8   15:31    41.4   04:15     20.9     00.0   00.04   00.2     03.5    21:54      E 
30    47.5   052.7   15:16    43.7   04:30     17.5     00.0   00.22   00.2     04.6    22:33     SSE
31    49.7   051.7   13:28    48.1   07:20     15.2     00.0   00.00   00.3     05.8    13:48      SW
--------------------------------------------------------------------------------------------------------
42.4 (42.2)   67.3  day 11     20.8  day 20   697.8    000.0   01.34   00.8     23.0   day 06     WNW
Min  .08in) 0 (> 0.8in)