NOAA-Style Climate Reports

Select a Year or Month report
2022: Jan Feb Mar Apr May Jun Jul Aug Sep Oct Nov Dec
2021: Jan Feb Mar Apr May Jun Jul Aug Sep Oct Nov Dec
2020: Jan Feb Mar Apr May Jun Jul Aug Sep Oct Nov Dec

Report for 2021 November

Daily noaa report



                            MONTHLY CLIMATOLOGICAL SUMMARY for NOV. 2021

NAME: HamiltonWx.Com   CITY: Hamilton STATE: New Jersey
ELEV: 075 LAT: 040:15:50 LONG: 0074:40:24

                            TEMPERATURE ( °F), RAIN (in.), WIND SPEED (mph)

                                               HEAT     COOL           AVG
      MEAN                                     DEG      DEG            WIND                       DOM
DAY   TEMP    HIGH   TIME     LOW    TIME      DAYS     DAYS    RAIN   SPEED    HIGH    TIME      DIR
--------------------------------------------------------------------------------------------------------
01    52.8   060.9   12:15    42.7   23:59     12.1     00.0   00.00   00.5     08.1    14:49     WNW
02    46.3   052.8   12:02    41.5   02:27     18.6     00.0   00.02   00.3     08.1    14:35      W 
03    41.8   053.6   15:30    33.1   08:07     23.2     00.0   00.00   00.4     08.1    13:45     WNW
04    40.1   052.4   13:06    30.2   08:03     24.9     00.0   00.00   00.1     03.5    14:25      N 
05    39.7   053.4   15:41    30.5   07:45     25.2     00.0   00.00   00.3     05.8    14:07     NNE
06    39.6   055.4   15:25    29.3   08:05     25.3     00.0   00.00   00.2     06.9    13:57     NNE
07    40.6   054.1   14:44    30.1   06:28     24.3     00.0   00.00   00.1     03.5    14:21     NNE
08    48.2   066.3   14:32    33.8   06:57     16.8     00.0   00.00   00.3     06.9    10:14      N 
09    52.3   071.9   14:29    37.6   06:54     12.6     00.0   00.00   00.3     06.9    12:48      NW
10    52.7   066.8   14:23    39.6   23:06     12.2     00.0   00.00   00.4     10.3    10:49     WNW
11    51.0   064.2   12:32    34.4   06:32     14.0     00.0   00.00   00.4     09.2    14:17     SSW
12    58.2   067.2   07:05    40.2   00:00     06.7     00.0   00.39   01.1     17.3    08:26     WSW
13    44.4   064.1   11:45    35.5   07:08     20.5     00.0   00.03   01.1     21.9    14:13     WSW
14    41.4   047.3   15:09    32.9   06:57     23.5     00.0   00.02   00.5     09.2    21:17     WSW
15    41.9   050.0   14:33    34.6   04:14     23.1     00.0   00.01   00.8     11.5    14:01     WNW
16    39.9   050.6   14:39    30.5   00:00     25.0     00.0   00.00   00.4     09.2    14:11     WNW
17    44.7   063.1   14:11    28.4   06:55     20.2     00.0   00.00   00.5     14.9    13:27      SW
18    55.2   072.5   14:29    39.4   07:11     09.8     00.0   00.05   01.2     13.8    21:37     WSW
19    43.0   048.2   13:01    33.6   00:00     22.0     00.0   00.01   01.6     11.5    10:17      NW
20    38.1   048.8   14:22    27.0   07:08     26.8     00.0   00.00   00.4     08.1    15:29      SW
21    45.2   053.5   14:07    35.0   01:11     19.7     00.0   00.00   00.5     10.3    21:30     SSW
22    46.4   052.6   02:50    33.9   23:38     18.6     00.0   00.09   00.8     11.5    18:23      NW
23    35.2   043.3   13:43    29.5   07:29     29.8     00.0   00.00   01.1     12.7    14:04     NNW
24    36.1   046.5   14:29    27.5   07:46     28.9     00.0   00.00   00.3     08.1    15:53      NW
25    41.7   055.9   14:33    29.2   07:25     23.2     00.0   00.00   00.2     06.9    14:25      W 
26    43.0   048.5   11:01    38.4   18:24     21.9     00.0   00.22   02.0     18.4    16:19     WNW
27    37.3   041.1   13:04    35.6   21:57     27.6     00.0   00.00   02.0     16.1    10:17      NW
28    37.3   044.0   15:02    33.9   19:20     27.6     00.0   00.00   00.1     05.8    01:28     SSW
29    37.0   042.9   13:44    26.8   00:00     28.0     00.0   00.00   01.0     12.7    13:26      NW
30    35.8   042.1   21:43    24.5   03:29     29.2     00.0   00.00   00.2     09.2    11:52     WSW
--------------------------------------------------------------------------------------------------------
43.6 (43.9)   72.5  day 18     24.5  day 30   641.4    000.0   00.84   00.6     21.9   day 26     WNW
Min  .008in) 3 (> .08in) 0 (> 0.8in)