NOAA-Style Climate Reports

Select a Year or Month report
2022: Jan Feb Mar Apr May Jun Jul Aug Sep Oct Nov Dec
2021: Jan Feb Mar Apr May Jun Jul Aug Sep Oct Nov Dec
2020: Jan Feb Mar Apr May Jun Jul Aug Sep Oct Nov Dec

Report for 2021 October

Daily noaa report



                            MONTHLY CLIMATOLOGICAL SUMMARY for OCT. 2021

NAME: HamiltonWx.Com   CITY: Hamilton STATE: New Jersey
ELEV: 075 LAT: 040:15:50 LONG: 0074:40:24

                            TEMPERATURE ( °F), RAIN (in.), WIND SPEED (mph)

                                               HEAT     COOL           AVG
      MEAN                                     DEG      DEG            WIND                       DOM
DAY   TEMP    HIGH   TIME     LOW    TIME      DAYS     DAYS    RAIN   SPEED    HIGH    TIME      DIR
--------------------------------------------------------------------------------------------------------
01    56.0   068.2   13:23    45.0   07:34     08.9     00.0   00.00   00.2     05.8    14:38      NW
02    60.1   075.9   15:49    46.1   07:25     04.8     00.0   00.00   00.5     09.2    14:11     WNW
03    66.0   079.9   15:13    51.9   05:20     00.0     01.1   00.00   00.3     05.8    13:57     WSW
04    70.7   080.2   15:02    64.9   00:00     00.0     05.8   00.01   00.2     05.8    14:50      S 
05    63.1   066.3   16:35    60.5   07:39     01.8     00.0   00.20   00.1     03.5    18:40     ENE
06    65.3   069.4   15:31    62.0   02:28     00.0     00.4   00.00   00.1     03.5    21:07     SSE
07    66.8   074.9   12:19    60.3   07:49     00.0     01.8   00.00   00.1     03.5    17:10      S 
08    66.5   079.4   13:10    56.2   05:34     00.0     01.5   00.00   00.2     04.6    15:17     SSW
09    64.5   068.2   16:06    60.6   07:32     00.5     00.0   00.00   00.4     08.1    19:55      NE
10    63.8   065.9   14:07    61.8   07:32     01.1     00.0   00.23   00.5     05.8    12:37      NE
11    64.1   070.4   13:52    58.9   00:00     00.9     00.0   00.00   00.5     08.1    12:44     NNE
12    63.5   068.1   16:42    57.6   02:18     01.4     00.0   00.00   00.1     03.5    16:30     ENE
13    65.7   071.4   16:17    62.1   03:46     00.0     00.7   00.00   00.2     04.6    13:00      SW
14    68.0   077.0   15:16    59.6   03:05     00.0     03.1   00.00   00.2     05.8    13:33     NNW
15    68.5   081.4   15:31    56.8   07:30     00.0     03.5   00.00   00.4     06.9    13:31      W 
16    68.2   080.8   15:09    56.5   00:00     00.0     03.3   00.37   01.4     18.4    15:26      SW
17    54.2   063.1   15:08    47.8   07:41     10.7     00.0   00.03   00.7     12.7    16:44     WNW
18    51.8   060.5   14:46    45.1   06:14     13.1     00.0   00.00   00.7     09.2    13:15      NW
19    54.7   067.5   15:53    41.2   05:04     10.2     00.0   00.00   00.6     09.2    15:05      NW
20    62.5   075.7   15:44    51.2   06:32     02.5     00.0   00.00   00.4     09.2    10:05     WNW
21    62.3   076.9   13:17    50.2   07:40     02.7     00.0   00.00   00.5     11.5    14:38     WSW
22    61.7   070.6   13:27    50.6   00:00     03.2     00.0   00.00   00.5     08.1    10:21     WNW
23    53.8   061.6   16:17    47.0   03:25     11.1     00.0   00.00   00.1     05.8    15:35      NW
24    51.3   061.5   15:43    40.9   07:51     13.6     00.0   00.00   00.3     05.8    15:42     WSW
25    64.2   076.8   15:28    53.9   05:10     00.8     00.0   00.50   00.6     10.3    13:38     SSW
26    58.1   064.8   14:52    50.4   23:21     06.8     00.0   02.43   00.9     09.2    16:22      NW
27    58.2   062.3   15:58    51.0   00:04     06.7     00.0   00.00   00.6     06.9    08:52      N 
28    53.6   062.7   15:48    45.2   07:30     11.4     00.0   00.00   00.2     05.8    15:42     NNE
29    54.8   059.3   14:40    51.1   08:33     10.1     00.0   00.32   01.4     14.9    16:18      E 
30    61.2   067.8   12:27    57.8   22:48     03.8     00.0   00.08   01.0     11.5    11:40      S 
31    57.9   064.6   16:02    53.6   08:40     07.1     00.0   00.31   00.7     09.2    16:36     WNW
--------------------------------------------------------------------------------------------------------
61.3 (61.8)   81.4  day 15     40.9  day 24   133.3    021.2   04.48   00.5     18.4   day 16     WNW
Min  .008in) 8 (> .08in) 1 (> 0.8in)